{"id":26,"date":"2021-04-04T20:24:24","date_gmt":"2021-04-04T20:24:24","guid":{"rendered":"https:\/\/maudpsy.hebergement.fr.fo\/?page_id=26"},"modified":"2021-10-10T09:45:20","modified_gmt":"2021-10-10T09:45:20","slug":"contacts-liens","status":"publish","type":"page","link":"https:\/\/psychanalyste-paris75019.fr\/?page_id=26","title":{"rendered":"Rendez-vous\/liens"},"content":{"rendered":"\n<p><\/p>\n\n\n\n<p>Les rendez vous peuvent \u00eatre pris dans les cr\u00e9neaux suivants:<\/p>\n\n\n\n<p>Mardi  16h00 \u00e0 18h00<\/p>\n\n\n\n<p>Jeudi  09h00 \u00e0 13h00<\/p>\n\n\n\n<p>Vendredi 14h00 \u00e0 20h00<\/p>\n\n\n\n<p>Samedi 09h00 \u00e0 11h00<\/p>\n\n\n\n<p>Contact: 06 84 51 39 23 <\/p>\n\n\n\n<hr class=\"wp-block-separator\"\/>\n\n\n\n<p> Voici quelques liens pouvant vous \u00eatre utile <\/p>\n\n\n\n<p> EPFCL (Ecole de Psychanalyse des Forums du Champ lacanien) <\/p>\n\n\n\n<p> <a href=\"https:\/\/www.champlacanienfrance.net\/\">https:\/\/www.champlacanienfrance.net\/<\/a> <\/p>\n","protected":false},"excerpt":{"rendered":"<p>Les rendez vous peuvent \u00eatre pris dans les cr\u00e9neaux suivants: Mardi 16h00 \u00e0 18h00 Jeudi 09h00 \u00e0 13h00 Vendredi 14h00 \u00e0 20h00 Samedi 09h00 \u00e0 11h00 Contact: 06 84 51 39 23 Voici quelques liens pouvant vous \u00eatre utile EPFCL (Ecole de Psychanalyse des Forums du Champ lacanien) https:\/\/www.champlacanienfrance.net\/<\/p>\n","protected":false},"author":1,"featured_media":0,"parent":0,"menu_order":0,"comment_status":"closed","ping_status":"closed","template":"","meta":{"footnotes":""},"class_list":["post-26","page","type-page","status-publish","hentry","nodate","item-wrap"],"aioseo_notices":[],"_links":{"self":[{"href":"https:\/\/psychanalyste-paris75019.fr\/index.php?rest_route=\/wp\/v2\/pages\/26","targetHints":{"allow":["GET"]}}],"collection":[{"href":"https:\/\/psychanalyste-paris75019.fr\/index.php?rest_route=\/wp\/v2\/pages"}],"about":[{"href":"https:\/\/psychanalyste-paris75019.fr\/index.php?rest_route=\/wp\/v2\/types\/page"}],"author":[{"embeddable":true,"href":"https:\/\/psychanalyste-paris75019.fr\/index.php?rest_route=\/wp\/v2\/users\/1"}],"replies":[{"embeddable":true,"href":"https:\/\/psychanalyste-paris75019.fr\/index.php?rest_route=%2Fwp%2Fv2%2Fcomments&post=26"}],"version-history":[{"count":6,"href":"https:\/\/psychanalyste-paris75019.fr\/index.php?rest_route=\/wp\/v2\/pages\/26\/revisions"}],"predecessor-version":[{"id":71,"href":"https:\/\/psychanalyste-paris75019.fr\/index.php?rest_route=\/wp\/v2\/pages\/26\/revisions\/71"}],"wp:attachment":[{"href":"https:\/\/psychanalyste-paris75019.fr\/index.php?rest_route=%2Fwp%2Fv2%2Fmedia&parent=26"}],"curies":[{"name":"wp","href":"https:\/\/api.w.org\/{rel}","templated":true}]}}

<p></p>



<p>Les rendez vous peuvent être pris dans les créneaux suivants:</p>



<p>Mardi  16h00 à 18h00</p>



<p>Jeudi  09h00 à 13h00</p>



<p>Vendredi 14h00 à 20h00</p>



<p>Samedi 09h00 à 11h00</p>



<p>Contact: 06 84 51 39 23 </p>



<hr class="wp-block-separator"/>



<p> Voici quelques liens pouvant vous être utile </p>



<p> EPFCL (Ecole de Psychanalyse des Forums du Champ lacanien) </p>



<p> <a href="https://www.champlacanienfrance.net/">https://www.champlacanienfrance.net/</a> </p>

<p>Les rendez vous peuvent être pris dans les créneaux suivants: Mardi 16h00 à 18h00 Jeudi 09h00 à 13h00 Vendredi 14h00 à 20h00 Samedi 09h00 à 11h00 Contact: 06 84 51 39 23 Voici quelques liens pouvant vous être utile EPFCL (Ecole de Psychanalyse des Forums du Champ lacanien) https://www.champlacanienfrance.net/</p>
